actor of 166904?
True
Is 278 a factor of 209761?
False
Does 15 divide 3476700?
True
Does 69 divide 16613120?
False
Is 813 a factor of 8067399?
True
Is 192120 a multiple of 24?
True
Is 243268 a multiple of 32?
False
Is 104 a factor of 9051432?
True
Is 80106 a multiple of 158?
True
Is 187 a factor of 176026?
False
Is 4023796 a multiple of 262?
True
Is 12358268 a multiple of 299?
True
Does 103 divide 1049412?
False
Is 189764 a multiple of 25?
False
Is 15 a factor of 19842251?
False
Is 719756 a multiple of 29?
False
Is 144 a factor of 527056?
False
Does 26 divide 1093534?
True
Is 307773 a multiple of 6?
False
Is 2814600 a multiple of 1058?
False
Is 4952204 a multiple of 993?
False
Does 69 divide 613402?
False
Does 111 divide 9433113?
True
Is 31 a factor of 2357178?
True
Does 401 divide 1387861?
True
Does 2 divide 6490?
True
Is 4391625 a multiple of 105?
True
Does 698 divide 2451638?
False
Is 374 a factor of 3354032?
True
Does 8 divide 147471?
False
Is 4728374 a multiple of 7?
True
Is 91 a factor of 575120?
True
Does 132 divide 50424?
True
Is 23 a factor of 11354571?
True
Does 220 divide 65478?
False
Is 49 a factor of 155277?
False
Does 26 divide 297882?
True
Is 269452 a multiple of 18?
False
Is 10553263 a multiple of 48?
False
Is 2582461 a multiple of 178?
False
Is 6 a factor of 1722534?
True
Does 31 divide 329871?
True
Is 209 a factor of 1770021?
True
Is 240 a factor of 1553467?
False
Is 92469 a multiple of 95?
False
Is 271138 a multiple of 153?
False
Does 118 divide 1723390?
True
Is 52 a factor of 345755?
False
Is 293295 a multiple of 104?
False
Is 45 a factor of 302408?
False
Does 143 divide 210624?
False
Is 721859 a multiple of 25?
False
Is 93296 a multiple of 6?
False
Does 921 divide 16358802?
True
Does 125 divide 190375?
True
Does 297 divide 43310?
False
Is 40 a factor of 34265?
False
Is 72450 a multiple of 42?
True
Is 217408 a multiple of 64?
True
Does 19 divide 723304?
False
Is 805263 a multiple of 7?
False
Is 6 a factor of 2047084?
False
Is 130728 a multiple of 13?
True
Is 200 a factor of 1008686?
False
Does 25 divide 97127?
False
Is 74 a factor of 51652?
True
Is 13 a factor of 12714?
True
Does 7 divide 652309?
True
Is 6215663 a multiple of 5?
False
Is 198256 a multiple of 8?
True
Does 365 divide 14581730?
False
Is 1477841 a multiple of 400?
False
Does 363 divide 5830506?
True
Is 209 a factor of 1564088?
False
Is 381612 a multiple of 6?
True
Is 91 a factor of 329959?
False
Is 1325858 a multiple of 46?
True
Is 330 a factor of 1449543?
False
Does 93 divide 45653?
False
Does 81 divide 431163?
True
Is 38 a factor of 3478558?
True
Is 1561270 a multiple of 358?
False
Is 18409885 a multiple of 294?
False
Is 59 a factor of 255164?
False
Is 5223090 a multiple of 30?
True
Does 7 divide 228102?
True
Is 2640900 a multiple of 28?
False
Is 512 a factor of 1796096?
True
Is 382754 a multiple of 22?
False
Is 14240254 a multiple of 27?
False
Does 37 divide 664346?
False
Does 206 divide 69759?
False
Is 5974640 a multiple of 47?
True
Is 2 a factor of 5335375?
False
Is 38 a factor of 114921?
False
Does 7 divide 15983?
False
Is 722 a factor of 381938?
True
Is 6325277 a multiple of 219?
False
Does 622 divide 10663568?
True
Does 44 divide 136899?
False
Does 888 divide 2331000?
True
Does 12 divide 122784?
True
Does 29 divide 37123?
False
Does 13 divide 3786666?
True
Is 518776 a multiple of 41?
False
Is 434442 a multiple of 16?
False
Does 410 divide 202950?
True
Does 18 divide 740160?
True
Is 49888 a multiple of 4?
True
Is 427321 a multiple of 331?
True
Is 64090 a multiple of 65?
True
Is 1352752 a multiple of 168?
False
Does 27 divide 20665334?
False
Does 8 divide 58384?
True
Is 251 a factor of 488520?
False
Is 115518 a multiple of 13?
True
Is 298056 a multiple of 22?
True
Is 14 a factor of 436436?
True
Is 229749 a multiple of 285?
False
Is 2000546 a multiple of 74?
False
Is 25 a factor of 1090543?
False
Is 68 a factor of 615876?
True
Is 23 a factor of 398666?
False
Does 251 divide 45682?
True
Is 1042837 a multiple of 9?
False
Is 1291175 a multiple of 5?
True
Is 503557 a multiple of 323?
True
Does 70 divide 2439084?
False
Is 9746989 a multiple of 20?
False
Is 32 a factor of 119399?
False
Is 7723563 a multiple of 540?
False
Is 11 a factor of 253931?
False
Does 64 divide 732853?
False
Does 2 divide 216766?
True
Does 6 divide 532791?
False
Is 3255 a multiple of 167?
False
Does 59 divide 1050967?
True
Does 6 divide 33821?
False
Is 726571 a multiple of 47?
False
Is 3209482 a multiple of 223?
False
Is 377594 a multiple of 2?
True
Does 35 divide 705565?
True
Is 405 a factor of 196930?
False
Is 476410 a multiple of 122?
True
Is 753 a factor of 5190640?
False
Is 153 a factor of 12110562?
True
Does 60 divide 8043686?
False
Does 2 divide 405389?
False
Is 11 a factor of 441516?
False
Is 47125 a multiple of 6?
False
Does 35 divide 2313465?
True
Does 115 divide 27945?
True
Is 20788383 a multiple of 651?
True
Does 6 divide 300240?
True
Does 52 divide 8697780?
True
Is 464 a factor of 49648?
True
Does 191 divide 305027?
True
Is 8 a factor of 1011985?
False
Is 103577 a multiple of 152?
False
Does 12 divide 2463825?
False
Does 41 divide 258773?
False
Is 127 a factor of 14066593?
False
Is 50470 a multiple of 14?
True
Is 321 a factor of 2501293?
False
Is 6 a factor of 138990?
True
Is 283628 a multiple of 34?
True
Does 10 divide 16608046?
False
Is 639488 a multiple of 8?
True
Does 114 divide 22011576?
True
Does 39 divide 117585?
True
Is 138003 a multiple of 5?
False
Is 88 a factor of 320232?
True
Is 3961165 a multiple of 15?
False
Is 1105785 a multiple of 45?
True
Is 38 a factor of 2251922?
False
Is 601344 a multiple of 162?
True
Is 299498 a multiple of 8?
False
Does 33 divide 17853?
True
Is 33774 a multiple of 2?
True
Is 2443351 a multiple of 23?
False
Does 12 divide 206112?
True
Is 58 a factor of 7063308?
False
Does 38 divide 129960?
True
Is 4261210 a multiple of 955?
True
Does 12 divide 171274?
False
Is 10 a factor of 144820?
True
Does 224 divide 157746?
False
Does 29 divide 1649404?
True
Is 138134 a multiple of 9?
False
Is 62937 a multiple of 37?
True
Is 1722757 a multiple of 101?
True
Does 160 divide 676756?
False
Is 3954233 a multiple of 10?
False
Is 1517204 a multiple of 326?
True
Is 2145 a multiple of 11?
True
Is 73565 a multiple of 203?
False
Does 14 divide 1524054?
True
Is 973717 a multiple of 258?
False
Does 12 divide 473852?
False
Is 7 a factor of 341976?
False
Is 269538 a multiple of 503?
False
Is 3 a factor of 1693123?
False
Does 12 divide 152133?
False
Is 621809 a multiple of 463?
True
Is 198531 a multiple of 81?
True
Is 8028 a multiple of 50?
False
Does 40 divide 4146680?
True
Is 34 a factor of 762885?
False
Does 12 divide 34356?
True
Is 923108 a multiple of 8?
False
Is 174800 a multiple of 100?
True
Is 126 a factor of 122220?
True
Is 23 a factor of 10719242?
True
Is 125648 a multiple of 18?
False
Does 28 divide 22523165?
False
Is 28 a factor of 5104204?
True
Does 901 divide 5871992?
False
Is 4667172 a multiple of 172?
False
Is 521 a factor of 167762?
True
Is 878784 a multiple of 96?
True
Is 1563 a factor of 2622714?
True
Does 77 divide 478192?
False
Is 187635 a multiple of 189?
False
Is 1259 a factor of 9254909?
True
Is 23138251 a multiple of 169?
False
Does 12 divide 105236?
False
Is 177866 a multiple of 12?
False
Is 940592 a multiple of 543?
False
Is 75 a factor of 1031325?
True
Is 4474495 a multiple of 8?
False
Does 89 divide 137238?
True
Is 1575834 a multiple of 26?
True
Does 1358 divide 6849752?
True
Does 12 divide 136575?
False
Is 13795 even?
False
Is 1399398 a multiple of 8?
False
Is 154 a factor of 342608?
False
Is 722375 a multiple of 25?
True
Is 62 a factor of 21857358?
False
Does 20 divide 298880?
True
Is 23 a factor of 6178897?
False
Is 6337761 a multiple of 26?
False
Does 3 divide 755631?
True
Does 23 divide 4791797?
True
Is 9 a factor of 4399826?
False
Is 217855 a multiple of 11?
True
Is 283393 a multiple of 34?
False
Is 5 a factor of 1948652?
False
Is 4 a factor of 689871?
False
Does 147 divide 5295480?
False
Does 23 divide 25589114?
False
Is 42 a factor of 162708?
True
Is 59 a factor of 108303?
False
Does 170 divide 93378?
False
Is 576 a factor of 62304?
False
Is 65030 a multiple of 70?
True
Is 88342 a multiple of 387?
False
Is 447157 a multiple of